ded by 17.
14
Let k be 1 + (-33)/27 + 440/36. Calculate the remainder when (1/2)/(2/68) is divided by (k/4 - 21)/(-1 + -1).
8
Suppose t + 3*s - 7 = 0, -2*s = -5*t - 4*s + 22. Suppose 4*z - 3*i = -0*i + 28, t*i = 0. What is the remainder when 11 is divided by z?
4
Let b be (6/5)/(14/35). Calculate the remainder when 1*(26 + -3) + b is divided by -3*(3 + (-48)/9).
5
Suppose -3*v + 1 = 4*r, 3*v - 6 - 5 = r. Suppose -11*z + 10*z = 4. Let k(u) = u**2 + 4*u + 10. What is the remainder when k(z) is divided by v?
1
Let z = 19 + 79. Suppose -4 = 2*a - z. Let w = 136 - a. What is the remainder when w is divided by 23?
20
Let q = 347 - 242. What is the remainder when q is divided by 36?
33
Let d(o) = 0*o - 13*o**2 - 5 - 13*o + 0*o**3 - o**3. Let x be d(-12). Suppose -x*b + 30 = -2*b. Calculate the remainder when b is divided by 4.
2
Let u = 37 + -39. Calculate the remainder when (((-296)/(-12))/1)/(u/(-3)) is divided by 19.
18
Let r = -4 - -7. Suppose 5*u = q - 108, q - r*u = -3*q + 364. Suppose 5*y - q = y. What is the remainder when 65 is divided by y?
21
Let i(a) = 3*a - 8. Calculate the remainder when (-7 - -4)/3 + 27 is divided by i(6).
6
Suppose -5*q + 31 = -64. Suppose 5*p + 114 + 36 = -a, 4*p - 808 = 5*a. Let d = a + 234. What is the remainder when d is divided by q?
17
Suppose 0 = -21*b + 172 + 206. Let a = -5 - -9. Calculate the remainder when b is divided by a.
2
Let l = 71 - 67. Suppose 68 + 20 = l*q. What is the remainder when 42 is divided by q?
20
Suppose 3*z + 2 = t + 1, 4*t = -4*z - 12. Let o = 47 - 16. Calculate the remainder when o*((z - -5) + -2) is divided by 32.
30
Let q(j) = -5*j**3 - 11*j**2 + 12*j - 8. Let o(r) = 4*r**3 + 11*r**2 - 13*r + 7. Let l(n) = 6*o(n) + 5*q(n). Calculate the remainder when 7 is divided by l(9).
1
Let t be -2 + (-231)/(-4) - 5/(-20). Let x = -6 + 15. Calculate the remainder when (540/210)/(6/t) is divided by x.
6
Let y = 29 - 3. Suppose -2*o + 3*o + y = h, 130 = 5*h + o. What is the remainder when h is divided by 9?
8
Let r = 458 - 439. Calculate the remainder when 20 is divided by r.
1
What is the remainder when 66 is divided by (-6)/(1 + 34/(-28))?
10
Let b(k) = -k + 1. Let q be b(-4). Suppose -c = -6*c. Suppose -5*j - 25 = -c*o - 5*o, -o - 11 = -q*j. What is the remainder when 33 is divided by o?
6
Let l = 17 - 14. Suppose 0 = -l*s - 6*s + 504. Calculate the remainder when s is divided by 19.
18
Suppose 5*z - 203 = -4*j + 37, j = -5*z + 60. What is the remainder when j is divided by 8?
4
Let q(y) = -y**2 + 60*y - 794. Suppose -102 + 602 = 4*u. Calculate the remainder when u is divided by q(38).
41
Let u(r) = r**3 - 5*r**2 + 2*r + 25. Let a = 30 - 19. What is the remainder when u(5) is divided by a?
2
Let l = 23 + -20. Let v(i) = 13*i**2 - 2*i + 1. Let n be v(1). Let c = n - 6. What is the remainder when c is divided by l?
0
Let m = 420 + -386. What is the remainder when m is divided by 18?
16
Let x(a) = a**2 - 2*a - 5. Suppose 4*v = 8*v - 28. Suppose -4*z = -n + 7, -n + 0*z = 2*z - v. What is the remainder when x(n) is divided by 11?
8
Let z be ((-6)/(-2))/1 - (2 - 1). Suppose z*t + 2*t - 348 = 0. What is the remainder when t is divided by 15?
12
Suppose 23*o - 9*o = 126. What is the remainder when 709 is divided by o?
7
Suppose -76*c + 52*c + 1512 = 0. Calculate the remainder when 114 is divided by c.
51
Calculate the remainder when -70*((-26)/4)/13 is divided by 6.
5
Suppose 13*c - 71*c + 696 = 0. Calculate the remainder when 188 is divided by c.
8
Suppose -21*r + 15*r + 114 = 0. Calculate the remainder when 29 is divided by r.
10
Suppose -23 = -2*o + 25. Suppose -14*q + 10*q + 8 = 0. Suppose -q*b = -4*b + 142. What is the remainder when b is divided by o?
23
Let w(r) = 5*r + 6. Let i be w(9). Suppose 0 = 3*j - 0 - i. Let z = 18 - j. What is the remainder when 3 is divided by z?
0
Suppose -2*h + 1 - 5 = 0. What is the remainder when 14 is divided by 7 + (h + 2 - 3)?
2
Let f be (-1)/(-3)*3*4. Suppose -f*w - 3*q = 28, 0*w + 26 = -w + 4*q. Calculate the remainder when 47 is divided by (1 + w)/((-6)/8).
11
Calculate the remainder when 74 is divided by (51/34)/((-79)/82 - -1).
33
Let d be 5/(-2)*(5 + -3). Calculate the remainder when 1/d + 18/(-10) - -117 is divided by 29.
28
Calculate the remainder when -3 + (-203)/(-7 - -6) is divided by 29.
26
Let n(m) = -m**2 - 3*m + 18. Let a be n(-7). Let o = a - -19. Suppose -2*l = -4*l + 30. Calculate the remainder when l is divided by o.
6
Let z(l) = 4*l**2 + l. Let h be z(2). Let d be (-76)/(-342) - (-464)/18. Let c = d - h. Calculate the remainder when 15 is divided by c.
7
Let c(j) = j**3 + 8*j**2 + j - 5. Let z(r) = r + 1. Let b(a) = c(a) + 2*z(a). What is the remainder when 48 is divided by b(-7)?
23
Let d(k) = 5*k**2 - k - 7. Let i(w) = 138*w + 456. What is the remainder when d(6) is divided by i(-3)?
41
Let h = 8 - 5. Suppose -4*i = h*x - 17, x + 0*x + 4*i = -5. Let z = x + -9. What is the remainder when 3 is divided by z?
1
Let h(g) = 4*g - 10. Calculate the remainder when h(19) is divided by 14.
10
Let q(t) = -t**3 - 12*t**2 + 26*t + 21. Calculate the remainder when q(-14) is divided by 6.
1
Suppose 0 = 5*a - 6*a, 5*z = -3*a + 15. Let t(n) = 9*n + 4. What is the remainder when t(z) is divided by 11?
9
Let i be (-6)/(-5)*(-35)/(-14). What is the remainder when 41 is divided by (-4)/i*((-5 - 8) + 1)?
9
Suppose 0 = -0*j + j - 53. What is the remainder when j is divided by ((-11)/(88/(-288)))/2?
17
Let y(w) = -10*w**3 - 2*w - 2. Let f be -5 + -6*6/(-9). What is the remainder when y(f) is divided by 6?
4
Calculate the remainder when 3/2 - 1595/(-10) is divided by 56.
49
Let q(y) = 3*y**2 + 89*y + 46. What is the remainder when q(-31) is divided by 57?
56
Suppose 192 = 21*f - 564. Calculate the remainder when f is divided by 10.
6
Suppose -5*h + z = -590, z = -3*h - 4*z + 382. Let a = h + -77. What is the remainder when a is divided by 7?
0
Suppose 5*h = b - 91, -5*h = 3*b - 177 - 196. What is the remainder when b is divided by 30?
26
Let i(l) = 12*l + 9. Let y be i(-4). Let r = y + 54. What is the remainder when 58 is divided by r?
13
Let v = -28 + 27. Calculate the remainder when 11 is divided by v + 4 + (7 - 7).
2
Let j = 16 - 13. Suppose 0*n = 4*t - 3*n - 27, n = j. Calculate the remainder when 33 is divided by t.
6
Let o be (120/(-14))/((-2)/28). Let u = 208 - o. What is the remainder when u is divided by 16/(-96) - (-181)/6?
28
Let z(k) = k**3 - 13*k**2 - k + 16. Let v be z(13). Suppose -2*a + 3*a - 317 = -4*p, -4*p - v*a + 319 = 0. Calculate the remainder when p is divided by 40.
39
What is the remainder when -3*422/(-24) - (-90)/72 is divided by 38?
16
Suppose 55*f - 650 = 45*f. What is the remainder when 247 is divided by f?
52
Let z(s) = s + 17. Let n be z(-7). Suppose -2*g + 2 = 2*q + 4, q = 2*g - n. What is the remainder when g/((-185)/(-45) - 4) is divided by 15?
12
Suppose 3*b + 422 = 5*a + 27, -3*a + 5*b + 253 = 0. Let k = a + -48. What is the remainder when 109 is divided by k?
25
Suppose -733 + 233 = -5*t. What is the remainder when 393 is divided by t?
93
Let g(m) = 3*m**3 - 3*m + 2. Let o = 5 + 27. Calculate the remainder when o is divided by g(2).
12
Let t(z) = -15*z - 1. What is the remainder when ((198/(-12))/11)/(12/(-304)) is divided by t(-1)?
10
Let d = -33 - -105. Calculate the remainder when d is divided by 37.
35
Suppose 0*w + 29*w - 3364 = 0. What is the remainder when w is divided by 58?
0
Let n(c) = 261*c - 16. Let x be n(3). Suppose -x = -5*b - 272. What is the remainder when b is divided by 34?
31
Suppose 6*z - 3*z + 206 = 2*o, 2*o = z + 206. Let a = o - 61. What is the remainder when a is divided by 11?
9
Let x be (12/(-8))/(-1)*-4. Let k be (-9)/x - 8829/(-6). What is the remainder when 1/(-5) + k/15 is divided by 20?
18
Let x = 147 - 26. Let z = 32 - -10. Calculate the remainder when x is divided by z.
37
Suppose 23*k - 24*k = -30. Suppose 29*g + k = 31*g. Calculate the remainder when 28 is divided by g.
13
Let y(d) = -43*d + 18. What is the remainder when y(-4) is divided by 65?
60
Suppose -5*f - 65 = -2*m, 4*m - 4*f - 95 = -f. Suppose 2*y + 920 = 4*b, -2*b + 4*b = 2*y + 462. Let c = -132 + b. What is the remainder when c is divided by m?
17
Suppose 0 = -5*h + 5, 38 = 2*x + h + 5. Let s = -3 + 5. Suppose 5*f = 2*j - 119